 1400?
2, 5, 7
List the prime factors of 1451.
1451
List the prime factors of 90.
2, 3, 5
What are the prime factors of 12674?
2, 6337
What are the prime factors of 25645?
5, 23, 223
What are the prime factors of 6180?
2, 3, 5, 103
What are the prime factors of 2871?
3, 11, 29
What are the prime factors of 416?
2, 13
List the prime factors of 27354.
2, 3, 47, 97
List the prime factors of 12450.
2, 3, 5, 83
List the prime factors of 8293.
8293
What are the prime factors of 127?
127
List the prime factors of 14986.
2, 59, 127
List the prime factors of 3321.
3, 41
What are the prime factors of 968?
2, 11
What are the prime factors of 4552?
2, 569
What are the prime factors of 5991?
3, 1997
What are the prime factors of 12516?
2, 3, 7, 149
List the prime factors of 16633.
16633
What are the prime factors of 981?
3, 109
What are the prime factors of 28949?
28949
What are the prime factors of 20182?
2, 10091
What are the prime factors of 1274?
2, 7, 13
What are the prime factors of 726?
2, 3, 11
List the prime factors of 9841.
13, 757
What are the prime factors of 7072?
2, 13, 17
What are the prime factors of 10418?
2, 5209
What are the prime factors of 3277?
29, 113
What are the prime factors of 30625?
5, 7
List the prime factors of 14999.
53, 283
List the prime factors of 369.
3, 41
What are the prime factors of 858?
2, 3, 11, 13
What are the prime factors of 3735?
3, 5, 83
What are the prime factors of 865?
5, 173
List the prime factors of 55293.
3, 7, 2633
What are the prime factors of 874?
2, 19, 23
List the prime factors of 662.
2, 331
List the prime factors of 13258.
2, 7, 947
What are the prime factors of 12461?
17, 733
What are the prime factors of 412?
2, 103
What are the prime factors of 31248?
2, 3, 7, 31
List the prime factors of 126.
2, 3, 7
What are the prime factors of 132822?
2, 3, 47, 157
List the prime factors of 3711.
3, 1237
What are the prime factors of 15336?
2, 3, 71
What are the prime factors of 151349?
11, 13759
List the prime factors of 171.
3, 19
List the prime factors of 590.
2, 5, 59
List the prime factors of 44759.
11, 13, 313
What are the prime factors of 368?
2, 23
List the prime factors of 45104.
2, 2819
List the prime factors of 13153.
7, 1879
What are the prime factors of 12054?
2, 3, 7, 41
What are the prime factors of 2250?
2, 3, 5
List the prime factors of 4072.
2, 509
List the prime factors of 687.
3, 229
What are the prime factors of 461?
461
List the prime factors of 16510.
2, 5, 13, 127
List the prime factors of 611.
13, 47
List the prime factors of 62962.
2, 31481
List the prime factors of 12907.
12907
List the prime factors of 1072.
2, 67
List the prime factors of 37695.
3, 5, 7, 359
List the prime factors of 130.
2, 5, 13
List the prime factors of 13331.
13331
List the prime factors of 2436.
2, 3, 7, 29
What are the prime factors of 1009?
1009
What are the prime factors of 1947?
3, 11, 59
List the prime factors of 13378.
2, 6689
List the prime factors of 38135.
5, 29, 263
List the prime factors of 79887.
3, 31, 859
List the prime factors of 1951.
1951
What are the prime factors of 516?
2, 3, 43
List the prime factors of 2247.
3, 7, 107
List the prime factors of 1205.
5, 241
What are the prime factors of 29562?
2, 3, 13, 379
List the prime factors of 1086.
2, 3, 181
List the prime factors of 1771.
7, 11, 23
List the prime factors of 2485.
5, 7, 71
List the prime factors of 16847.
17, 991
What are the prime factors of 26280?
2, 3, 5, 73
List the prime factors of 6358.
2, 11, 17
List the prime factors of 43656.
2, 3, 17, 107
What are the prime factors of 16039?
43, 373
List the prime factors of 13293.
3, 7, 211
What are the prime factors of 98502?
2, 3, 16417
What are the prime factors of 9210?
2, 3, 5, 307
List the prime factors of 10522.
2, 5261
What are the prime factors of 5540?
2, 5, 277
List the prime factors of 300.
2, 3, 5
What are the prime factors of 15448?
2, 1931
List the prime factors of 2958.
2, 3, 17, 29
What are the prime factors of 5383?
7, 769
What are the prime factors of 39146?
2, 23, 37
List the prime factors of 4147.
11, 13, 29
List the prime factors of 2419.
41, 59
What are the prime factors of 1099?
7, 157
List the prime factors of 137692.
2, 29, 1187
List the prime factors of 73696.
2, 7, 47
List the prime factors of 2454.
2, 3, 409
What are the prime factors of 1612?
2, 13, 31
List the prime factors of 58689.
3, 6521
What are the prime factors of 25764?
2, 3, 19, 113
What are the prime factors of 65050?
2, 5, 1301
What are the prime factors of 2261?
7, 17, 19
List the prime factors of 27718.
2, 13859
What are the prime factors of 3294?
2, 3, 61
List the prime factors of 4993.
4993
What are the prime factors of 44012?
2, 11003
What are the prime factors of 1312?
2, 41
List the prime factors of 23602.
2, 11801
List the prime factors of 1457.
31, 47
What are the prime factors of 18693?
3, 31, 67
What are the prime factors of 1395?
3, 5, 31
What are the prime factors of 1436?
2, 359
List the prime factors of 195384.
2, 3, 7, 1163
List the prime factors of 102997.
127, 811
What are the prime factors of 3718?
2, 11, 13
What are the prime factors of 79610?
2, 5, 19, 419
List the prime factors of 667.
23, 29
List the prime factors of 147.
3, 7
List the prime factors of 7135.
5, 1427
What are the prime factors of 751?
751
List the prime factors of 3624.
2, 3, 151
What are the prime factors of 41581?
43, 967
What are the prime factors of 30364?
2, 7591
What are the prime factors of 2206?
2, 1103
List the prime factors of 515.
5, 103
What are the prime factors of 17186?
2, 13, 661
List the prime factors of 149.
149
List the prime factors of 1553.
1553
What are the prime factors of 3240?
2, 3, 5
List the prime factors of 147619.
43, 3433
What are the prime factors of 5189?
5189
What are the prime factors of 916?
2, 229
What are the prime factors of 492?
2, 3, 41
What are the prime factors of 6433?
7, 919
List the prime factors of 4520.
2, 5, 113
What are the prime factors of 5656?
2, 7, 101
List the prime factors of 1282.
2, 641
List the prime factors of 3581.
3581
List the prime factors of 140.
2, 5, 7
List the prime factors of 21522.
2, 3, 17, 211
List the prime factors of 4231.
4231
What are the prime factors of 19739?
19739
What are the prime factors of 1173?
3, 17, 23
List the prime factors of 1822.
2, 911
List the prime factors of 55335.
3, 5, 7, 17, 31
What are the prime factors of 2086?
2, 7, 149
What are the prime factors of 13396?
2, 17, 197
List the prime factors of 24972.
2, 3, 2081
List the prime factors of 47268.
2, 3, 13, 101
What are the prime factors of 4543?
7, 11, 59
List the prime factors of 28181.
28181
List the prime factors of 35601.
3, 11867
List the prime factors of 1196.
2, 13, 23
What are the prime factors of 6845?
5, 37
List the prime factors of 2590.
2, 5, 7, 37
List the prime factors of 101.
101
What are the prime factors of 2629?
11, 239
List the prime factors of 1167.
3, 389
What are the prime factors of 26107?
26107
What are the prime factors of 4334?
2, 11, 197
What are the prime factors of 22543?
22543
List the prime factors of 62011.
62011
List the prime factors of 2293.
2293
List the prime factors of 28249.
13, 41, 53
List the prime factors of 3250.
2, 5, 13
List the prime factors of 1203.
3, 401
What are the prime factors of 120473?
120473
What are the prime factors of 19116?
2, 3, 59
List the prime factors of 2100.
2, 3, 5, 7
What are the prime factors of 8504?
2, 1063
What are the prime factors of 25863?
3, 37, 233
What are the prime factors of 7602?
2, 3, 7, 181
List the prime factors of 6978.
2, 3, 1163
What are the prime factors of 2918?
2, 1459
List the prime factors of 735.
3, 5, 7
What are the prime factors of 4318?
2, 17, 127
What are the prime factors of 1919?
19, 101
List the prime factors of 88.
2, 11
What are the prime factors of 616?
2, 7, 11
What are the prime factors of 26512?
2, 1657
What are the prime factors of 3037?
3037
List the prime factors of 33935.
5, 11, 617
What are the prime factors of 2453?
11, 223
List the prime factors of 1057.
7, 151
List the prime factors of 54593.
7, 11, 709
What are the prime factors of 9729?
3, 23, 47
What are the prime factors of 318?
2, 3, 53
List the prime factors of 1425.
3, 5, 19
What are the p